t is the units digit of q?
2
Let z(q) = -19*q - 1. Let h be 2/(-7) + 10/(-14). What is the tens digit of z(h)?
1
Let g = 2 - 3. Let k = 2 - g. What is the units digit of k?
3
Let c(g) = 2*g - 4*g + 3 + g. What is the units digit of c(-6)?
9
What is the tens digit of ((-3)/9)/(1/(-222))?
7
Suppose i = -2*m - 4, -i - 2*m = -4*i + 12. Suppose 0 = i*b - 25 - 13. What is the tens digit of b?
1
What is the units digit of 347/5 + (-36)/(-60)?
0
Let m = 84 - 38. What is the units digit of m?
6
Let s be (-82)/(-8) - 7/28. Let n = s - 6. What is the units digit of n?
4
Let o be -12*(2 - 14/6). Suppose 5*f = m + 35, o*f + m - 28 - 9 = 0. Let u = f + -5. What is the units digit of u?
3
Let c(l) = -l**3 + 5*l**2 + 2*l - 6. Suppose u - 2 = 0, -2*q = 5*u - 0*u - 20. Let j be c(q). Suppose j - 2 = m. What is the units digit of m?
2
Let d(y) = y - 1. Let g be d(2). Suppose -g = j - 9. What is the units digit of j?
8
Suppose 0 = -17*k + 10*k + 1638. What is the tens digit of k?
3
Suppose -27 + 11 = 4*a. What is the units digit of a*(0 - 21/12)?
7
What is the tens digit of 2 + 87 - -1*2/(-1)?
8
Let h(i) = i**2 + 5*i + 2. Let g be h(-5). Suppose -5*v + 27 = g*c - 2*v, 4*c - 3*v = 99. Suppose -4*u + 61 = c. What is the units digit of u?
0
Suppose 0 = 3*q - 2*b + 2, 2*q + 3*q = -2*b + 2. Suppose 13 = 4*z - 7. Suppose 0*g - z*g + 25 = q. What is the units digit of g?
5
Suppose 3*k + 8 = 7*k. Let f(q) be the third derivative of q**4/3 - q**3/2 - 2*q**2. What is the tens digit of f(k)?
1
Let x be 2/1 + (6 - 1). Let w = x - 3. Let t(d) = -d + 5. What is the units digit of t(w)?
1
What is the tens digit of (-2 - 30/(-5)) + 78?
8
Let o(q) = -q**2 + 7*q + 10. Let f be o(8). Let n(w) = -3*w**f + 3*w**2 + 1 + 0*w**2 + 4*w**3. What is the units digit of n(1)?
5
Suppose 0*h = -4*h + 3*s + 152, -55 = -h + 5*s. Suppose -3*w = 3*m - w - h, 43 = 4*m - w. What is the units digit of m?
1
Let i(m) = 2*m**2 - 4*m. What is the units digit of i(7)?
0
Suppose 80 - 284 = -2*w. What is the tens digit of w?
0
Suppose 4*k + 2 = -r + 8*k, -k = 3*r - 33. Let w = 6 + r. What is the units digit of w?
6
Suppose 0 = -5*w - 3*z, -4*z = w - 7*z - 18. Suppose 0*r + 60 = w*r. What is the tens digit of r?
2
Let u = -14 + 15. What is the units digit of u?
1
Let n(d) = d**2 + 6*d - 8. Let k be n(8). Suppose k = -4*o - 4*p, -27 = 2*o + p + 29. What is the units digit of 12/(-10)*o/9?
4
Let a(r) = r**3 + 3*r**2 + 3*r + 1. Let c be a(-2). What is the units digit of c/3 - (-115)/3?
8
Let b be ((-6)/(-7))/(2/(-14)). Let u = b + 10. Suppose 3*x + f = -3*f + 23, -u*f = 5*x - 33. What is the units digit of x?
5
Suppose -l + 9 = 2*l. What is the units digit of l?
3
Let z = -3 - -7. Let s be (-6)/z*(-16)/6. Suppose 15 = s*q + q. What is the units digit of q?
3
Suppose 5*x + 0 = 15. Suppose -d = 7 - x. What is the tens digit of -1 + 42/(-1 - d)?
1
Suppose -j - 29 + 68 = 0. What is the tens digit of j?
3
Suppose -6*b + 4*b + 2*v + 370 = 0, 0 = 4*b + v - 725. What is the units digit of b?
2
Let l(a) = a**3 + 8*a**2 + 8*a + 26. What is the units digit of l(-6)?
0
Let s(m) = m**3 - 10*m**2 + 8*m + 13. Let o be s(9). Suppose 0 = -q - 0*q + o. What is the units digit of q?
4
Let f = 7 - 6. What is the tens digit of 6/(-4*f/(-10))?
1
Suppose -5*y = -3 - 67. What is the tens digit of y?
1
Let m(q) = 2*q**2 + q - 4. Let n be m(4). Suppose z = -2*a - a + 4, -z = -a. What is the units digit of ((-40)/n)/(z/(-4))?
5
Let q(m) be the first derivative of -m**5/60 + m**4/12 + 2*m**3/3 - 1. Let n(y) be the third derivative of q(y). What is the units digit of n(-2)?
6
Suppose -y + 90 = -107. What is the hundreds digit of y?
1
Let t(o) = -1 + o + 1. Let f be t(6). What is the units digit of 52/f - 8/12?
8
What is the tens digit of 4*(-1)/(4/(-22))?
2
Suppose 3*t + 99 = 3*n, -3*t = 5*n - 0*t - 197. What is the units digit of n?
7
Let m(x) = -x**2 + 10*x - 4. Let s be m(10). Let q(b) = -2*b**2 - 2*b + 2. Let c(o) = -o**2 + 1. Let y(p) = c(p) - q(p). What is the units digit of y(s)?
7
Let w = -49 + 85. Suppose -4*d + w = -2*d. Suppose 3*p - 5*x - 24 = 0, 0*x = p - 5*x - d. What is the units digit of p?
3
Let t = -24 + 97. What is the tens digit of t?
7
Suppose -4*w - 4 = -24. Suppose 0 = 4*u - u - 2*b - 25, 41 = w*u - 3*b. What is the units digit of u?
7
Let h be -9 + 8 + (-26)/(-2). Suppose -h = -4*g + g. What is the units digit of g?
4
Suppose v + 0*v = 5*i - 372, -4*i = 4*v - 312. Suppose -3*r - i = -5*j, -j = 3*j - 5*r - 60. What is the tens digit of j?
1
Let x = -126 + 207. What is the units digit of x?
1
Suppose -4*p + 6 = -2, 268 = 2*v - 3*p. What is the hundreds digit of v?
1
Suppose -4*t - 6 = -t, 4*t = -5*j - 18. Let l = -2 - j. Suppose 7 = s - 2*p + p, l = -3*s + 4*p + 22. What is the units digit of s?
6
Suppose -3*d + 2*d = -3. Let p be (0 + d)/3 - -4. Suppose -5 = -p*t - 0*t. What is the units digit of t?
1
Let w(z) = -6*z + 3. Suppose -6 = -m + 2*g, -2*g - 3*g - 25 = 0. What is the tens digit of w(m)?
2
Let m(b) = -2*b - 8. Suppose -4*z = 23 + 21. What is the tens digit of m(z)?
1
Let t = -7 + 166. What is the tens digit of t?
5
Let m(c) = -c - 2. Let i be m(-5). Suppose 8 = i*k + k. What is the units digit of ((-20)/(-15))/(k/9)?
6
What is the tens digit of (1 - -83) + 8 + -8?
8
Let n(b) = 2*b + 17. Suppose -4*u = 13 + 15. What is the units digit of n(u)?
3
Let f = -6 - -8. Suppose -b - 3 = 0, 3*b = m + f*b - 8. What is the units digit of m?
5
Let w(y) be the second derivative of -y**3/2 - 5*y**2/2 + 3*y. What is the units digit of w(-4)?
7
Suppose 5*y + z + 21 = 0, -4*z = -5*y - 7*z - 13. Let a(v) = v + 6. What is the units digit of a(y)?
1
Let d be (-3 + 7)/(1 - 0). Suppose -2*m - s + d = -2*s, 4*s = -5*m - 16. What is the units digit of (2 - m)/(4/10)?
5
Let j be 2 - 1/2*0. Suppose -5*a - 5*f = -35, -j = 5*a + 4*f - 41. What is the units digit of a?
1
Let j be (-14)/(-3) + 5/15. Suppose v + 5*a = 12, -j*a = -3*v - 6*a + 8. Suppose t - 2*i + 3 = 0, v*t + 2*i - 4*i + 2 = 0. What is the units digit of t?
1
Suppose -6*r + 4*r - 2*w + 262 = 0, 2*r + 4*w - 264 = 0. What is the hundreds digit of r?
1
Let u(k) = k**2 + 2*k - 4. Let w(a) = a**3 - 6*a**2 - 7*a + 4. Let n be w(7). What is the tens digit of u(n)?
2
Let v(d) = -d**3 + 10*d**2 + 13*d + 14. Suppose -s - 2 = -13. What is the tens digit of v(s)?
3
Suppose a - 7*a = -240. What is the tens digit of a?
4
What is the units digit of 1/(2 + (-75)/38)?
8
What is the tens digit of (1/((-1)/41))/(-1)?
4
Suppose 24*y - 19*y = 175. What is the units digit of y?
5
What is the tens digit of (-25)/2*42/(-35)?
1
Suppose 67 = -4*f + 303. What is the units digit of f?
9
What is the units digit of (24/(-20))/(-3)*410/2?
2
Suppose 0 = -8*z + 3*z + 180. Let m be 8/z + (-104)/(-18). What is the units digit of m/(-15) - 12/(-5)?
2
Let c(x) = -x + 3. Let w be c(9). Let t be (-38)/(-6) + 2/w. Suppose l - 2*l = 2*a - t, 4*l = -a + 24. What is the units digit of l?
6
Let t(x) = 2*x - 8. Let z be t(4). Suppose -3*n - c - 2*c = -30, z = -2*n + 5*c + 27. What is the tens digit of n?
1
Let x(v) = v**3 + 5*v**2 + 2*v + 6. Let m be x(-5). Let r(i) = 4*i + 6. Let y be r(m). What is the units digit of (-34)/(-6) + y/15?
5
Let u(r) = r**3 + 2*r**2 + 4*r + 2. Let z be u(-2). Let g be (-1 + (-4)/z)*-27. Let q = g - 6. What is the units digit of q?
3
Let m = 130 - 48. What is the units digit of m?
2
What is the units digit of (1 - 2/4)*18?
9
Let c = 1 - 3. What is the units digit of 8/3*(-6)/c?
8
Suppose 2*i = 4 + 2. Let f(d) = -2 + i*d**2 + 0*d**2 - 2*d**2 - 5*d - 6. What is the units digit of f(8)?
6
Let i(n) = 4*n - 2. Let j(o) = 11*o - 6. Let h(q) = -8*i(q) + 3*j(q). What is the units digit of h(6)?
4
Suppose 45 = -2*i - 3*i. Let f be (-3)/(-2)*(-24)/i. Let v = f - 0. What is the units digit of v?
4
Suppose 3*y + 12 = -3*v, 5*y - 6 + 2 = v. Suppose 4*r + 2 - 18 = y. Suppose -11 = -f + 4*h, -f - h + 11 = -r*h. What is the tens digit of f?
1
Let p be (-10)/(-35) - 4/14. Let r be (25 - p) + 1*-1. Let h = -17 + r. What is the units digit of h?
7
Let d = 10 - 16. Let y(i) = 4*i**3 - 7*i**2 - 4*i + 6. Let l(g) = 3*g**3 - 7*g**2 - 4*g + 6. Let p(c) = -5*l(c) + 4*y(c). What is the units digit of p(d)?
6
Suppose -5*b = -a + 15, 3*b - b + 6 = a. Let z = 25 - b. Let l = -9 + z. What is the tens digit of l?
